 6.
6
Suppose -2*v = h - 4*v - 14, -2 = v. Calculate the highest common divisor of 25 and h.
5
Suppose -a = -3*d - 6, a - 4*d = -2 + 5. What is the greatest common factor of 3 and a?
3
Suppose r + 4*m - 8 = 1, -35 = -3*r - 4*m. Let f = -2 + 2. Suppose 2*t - 208 + 78 = f. Calculate the highest common factor of r and t.
13
Let d(l) = 8*l. Let h be d(3). Let a be (-867)/(-9) - 3/9. What is the greatest common divisor of a and h?
24
Let d be (-1 - 0)*(-7 + 10). Let c = d - -20. Calculate the highest common divisor of 34 and c.
17
Suppose -4 = 2*j - 4*j. Let t be (2/6)/(j/42). Let h be (-21)/(-4)*32/12. Calculate the greatest common factor of h and t.
7
Let w be 978/30 - 9/15. What is the highest common divisor of 8 and w?
8
Suppose 5*k = 3*o + k - 3, 4*o - 2*k = -6. Let n = o + 2. Let z = 2 - n. What is the greatest common factor of 33 and z?
3
Let u be (-35)/10*(-24)/14. What is the greatest common factor of 66 and u?
6
Let c be (-9)/(-3) + -2 - -98. Calculate the highest common factor of c and 9.
9
Suppose 0 = 4*b - 5*l + 110, 26 + 70 = -3*b - 3*l. Let x be (-3822)/b - 6/(-10). What is the greatest common divisor of x and 16?
16
Suppose 0 = -5*y + 2*w, 4*y + 5*w - 51 + 18 = 0. Let j be 63 - (2 - y - -3). What is the greatest common factor of 24 and j?
12
Let j be -3*3*(-8)/18. Calculate the greatest common factor of j and 4.
4
Suppose 2 = -l + 3. Let d = 4 - l. Let b be (25/d - 1)*3. What is the greatest common factor of 2 and b?
2
Let i(y) = 2*y**3 - 3*y**2 + 3*y - 2. Let a be i(2). Let z(p) = 9*p**2 + p - 2. Let x be z(-2). Calculate the greatest common divisor of a and x.
8
Let j(m) = 2*m**2 - 6*m + 3. Let w be j(6). Let u = w - 17. Suppose 3*p + 2*p - 5*n - 535 = 0, -3*n - 211 = -2*p. What is the highest common divisor of u and p?
22
Suppose 0 - 15 = -k. Suppose -4*g + k = -g. What is the greatest common divisor of g and 15?
5
Let r = 8 + -5. Let x(g) = 3*g**3 + 3*g**2 - g - 1. Let u be x(2). Calculate the greatest common divisor of u and r.
3
Let m = -7 - -21. Calculate the greatest common factor of 154 and m.
14
Let p = 19 - 9. Calculate the highest common divisor of p and 25.
5
Suppose -20 = -l - 3*l. Suppose 5*h - 1095 = d, 0*d + 445 = 2*h + d. Suppose 2*s + 2*s = h. Calculate the greatest common divisor of s and l.
5
Suppose -12*q = -4*q - 8. What is the greatest common factor of 5 and q?
1
Let k = 15 + -10. Suppose k*f - 30 = 5. Suppose -3*r + 2 = -r. Calculate the greatest common factor of f and r.
1
Let j(r) = 9*r**2 - 1. Let i be j(1). Let t be (-2)/i + 27/12. Calculate the highest common divisor of 5 and t.
1
Suppose -w + 8 + 29 = -p, w = -5*p + 49. Calculate the highest common factor of w and 13.
13
Suppose 2*p + 3 = 1. Let g = 19 - 16. Let t be (g + -4)/(p/5). Calculate the highest common factor of 5 and t.
5
Let c(g) = -g**2 + 10*g + 13. Let f be c(9). Calculate the greatest common divisor of 198 and f.
22
Let t(k) = 3*k**3 + 2*k**2 + 1. Let l be t(2). Calculate the greatest common factor of l and 11.
11
Let l be -6*((-28)/12 - -2). Suppose 66 = l*d - 36. What is the highest common divisor of 34 and d?
17
Let z(a) = -a**3 + 9*a**2 + 5*a - 22. Let w be z(9). What is the highest common factor of 207 and w?
23
Let f(j) = 19*j**3. Let r be f(1). Suppose 0 = 5*y - r - 1. Calculate the highest common divisor of 36 and y.
4
Suppose 0*a = 4*a - 68. Let t = -7 + a. Calculate the greatest common divisor of t and 2.
2
Let k(c) = 10*c - 26. Let x be k(5). Calculate the greatest common factor of 8 and x.
8
Let b = -2 - -12. Let z be b/35 - (-40)/7. Let g(w) = w**2 - 5*w + 6. Let a be g(z). Calculate the greatest common divisor of a and 12.
12
Suppose 2*n + 756 = 8*n. What is the highest common factor of 28 and n?
14
Suppose -5*v - 5*t - 230 = 0, 90 = -4*v + 2*v - 3*t. Let n = v - -112. Calculate the highest common factor of 160 and n.
32
Let o be -2 + (142/2 - -3). Calculate the highest common divisor of o and 9.
9
Let o = -35 + 57. Calculate the greatest common factor of o and 22.
22
Let y be 3/2*40/15. Let a(g) = -g + 15 - 7*g + 9*g. Let f be a(-7). What is the greatest common factor of f and y?
4
Suppose -4*h + 148 = -4*q, -3*h + 0*h = -2*q - 107. What is the greatest common factor of 3 and h?
3
Suppose i = -0*i. Suppose -q = -12 - i. Calculate the highest common factor of 24 and q.
12
Let x be (19/(-1))/(-4 + 3). Calculate the highest common divisor of 133 and x.
19
Let v(u) = -2*u - 3. Let a be v(-3). Calculate the greatest common divisor of 33 and a.
3
Suppose -2*m + 2*w = w - 41, -5*m - w + 92 = 0. What is the greatest common divisor of m and 19?
19
Suppose 8*w - 20 = 7*w. Calculate the highest common factor of 30 and w.
10
Let c be -28*(-4 - 7/(-2)). Calculate the highest common divisor of c and 56.
14
Let g = -3 - -69. Suppose -4*v + 160 = -0*v + 4*s, 0 = -5*v + 2*s + 228. Calculate the highest common divisor of v and g.
22
Let b(k) = -k**2 + 2*k - 3. Let j be b(2). Let u(x) = 3*x**2 + x - 2. Let g be u(j). What is the greatest common divisor of 2 and g?
2
Suppose 2*m + 10 = 4*m. Let s = m - -27. Suppose 29 = 2*u - z, 4*u = u + z + 45. Calculate the greatest common divisor of u and s.
16
Let t(g) = 12*g - 5. Let q be t(7). Let r = q - 46. Calculate the highest common factor of 3 and r.
3
Suppose -2*u = -3*n + 26, 69 = 5*n + u + 4. Suppose -2*t - t = -12, -2*v + 3*t = -12. Calculate the greatest common factor of n and v.
12
Suppose 0 = -5*j + 3*q + 30, 0 = -2*j + 2*q + 5 + 11. Suppose 0 = 3*w - 27. Let g be (-1 - -2) + w/j. Calculate the highest common factor of g and 4.
4
Let k = -32 - -42. What is the greatest common factor of 10 and k?
10
Let q = -18 + 28. Let j(f) = 13*f + 13*f - 8*f. Let l be j(5). What is the greatest common divisor of l and q?
10
Suppose 5*r - 3*r - 53 = m, -3 = -3*m. Suppose -r = 4*g - 5*g. Let l be 8/1 + 1/1. What is the greatest common factor of l and g?
9
Suppose 0 = s - 0*s - 14. Let w be (-58)/(-5) - (-4)/10. Let z = w + -5. What is the greatest common factor of s and z?
7
Suppose -2*k + 3*w - 24 = -2, 12 = 3*w. Let x = k + 9. Suppose -h = -4*l + 59, x*l + 2*h - 5*h - 57 = 0. Calculate the highest common factor of l and 6.
3
Suppose c - 6*c + 2*l = -38, -4*c - 2*l = -34. Calculate the greatest common divisor of c and 8.
8
Let d be (-8)/12*3 - -236. Calculate the highest common divisor of 26 and d.
26
Let x be 6*((-9)/6)/3. Let o(r) = -2*r + 4. Let m be o(x). What is the highest common divisor of m and 50?
10
Let g(n) = 0*n**2 + n**2 + 1 + n - 3. Let d be g(-4). Let l be d/3 + 4/6. Calculate the greatest common factor of 12 and l.
4
Let u(a) = -a**3 - 2*a**2 + a - 5. Let w be u(-4). Let x = 35 - w. What is the highest common divisor of x and 108?
12
Suppose -2 = -t - 0. Suppose -j - p = 2*j, 2*j - t*p = 0. Suppose j - 18 = -2*n. What is the highest common factor of 1 and n?
1
Let z(m) = -m**2 - m + 5. Let w be z(0). Suppose w*b - 2 = 13. Suppose 0 = b*q - 3. What is the highest common factor of 3 and q?
1
Suppose -168 = 15*v - 19*v. Calculate the highest common divisor of 6 and v.
6
Suppose 0 = -4*a + 8 + 4. Suppose 2*v - 32 - 16 = -a*h, 0 = -h - 5*v + 16. What is the greatest common factor of h and 2?
2
Let r be 1 - (2 + -1) - -1. Let g be 10 - (r + -1)/2. Let v(h) = -2*h**3 + 14*h**2 - 7*h. Let o be v(6). Calculate the greatest common divisor of g and o.
10
Suppose -13 - 163 = 4*f. Let i = -26 - f. What is the highest common divisor of i and 72?
18
Let j(y) = 4*y + 19. Let n be j(0). What is the highest common factor of 19 and n?
19
Let o = -7 - -13. Let n = 4 + -1. Suppose -n*q - 225 = -o*q. What is the highest common divisor of q and 15?
15
Let s(r) = r - 3. Let m be s(-3). Let q be 4/m + (-197)/(-3). Calculate the highest common factor of 13 and q.
13
Let i(z) = -2*z**3 - 3*z**2 + 3*z - 2. Let c be i(-3). Calculate the greatest common divisor of c and 24.
8
Let w = -8 - -56. Let a = w + -32. What is the highest common divisor of 24 and a?
8
Let u = 14 - -73. Suppose -u = -4*m + 233. What is the greatest common divisor of 16 and m?
16
Let v be (-4)/26 - 108/(-26). Calculate the greatest common factor of 28 and v.
4
Suppose -4*b - 2*m + 8 = 3*m, -4*m - 51 = -5*b. Calculate the greatest common divisor of 77 and b.
7
Suppose -5*m = -196 - 134. What is the highest common divisor of m and 33?
33
Suppo